{"id":129,"date":"2026-02-06T20:08:12","date_gmt":"2026-02-06T20:08:12","guid":{"rendered":"https:\/\/admi.uniq.edu.pe\/?page_id=129"},"modified":"2026-03-10T16:45:46","modified_gmt":"2026-03-10T16:45:46","slug":"cronograma","status":"publish","type":"page","link":"https:\/\/admi.uniq.edu.pe\/?page_id=129","title":{"rendered":"CRONOGRAMA"},"content":{"rendered":"<li>\n<p>Modalidad de Ex\u00e1men<\/p>\n<\/li>\n<li>\n<p>Fecha de inscripciones<\/p>\n<\/li>\n<li>\n<p>Fecha de Ex\u00e1men<\/p>\n<\/li>\n<li>\n<p>Ex\u00e1men Ordinario<\/p>\n<\/li>\n<li>\n<p>Del 16 de febrero al 11 de marzo del 2026<\/p>\n<\/li>\n<li>\n<p>domingo 15 de marzo del 2026<\/p>\n<\/li>\n<li>\n<p>Lugares de Inscripci\u00f3n<\/p>\n<\/li>\n<li>\n<p>Direcci\u00f3n<\/p>\n<\/li>\n<li>\n<p>Quillabamba<\/p>\n<\/li>\n<li>\n<p>Direcci\u00f3n de Admisi\u00f3n &#8211; Capus el arenal pabellon 7 &#8211; UNIQ<\/p>\n<\/li>\n<li>\n<p>Vilcabamba<\/p>\n<\/li>\n<li>\n<p>Municipalidad Distrital de Vilcabamba<\/p>\n<\/li>\n<li>\n<p>Kimbiri<\/p>\n<\/li>\n<li>\n<p>Municipalidad Distrital de Kimbiri<\/p>\n<\/li>\n<li>\n<p>Lugares de Ex\u00e1men<\/p>\n<\/li>\n<li>\n<p>Quillabamba<\/p>\n<\/li>\n<li>\n<p>Campus el arenal &#8211; UNIQ<\/p>\n<\/li>\n<li>\n<p>Quillabamba<\/p>\n<\/li>\n<li>\n<p>Distritos seg\u00fan convenio y cumplimiento de requisitos del reglamento de admisi\u00f3n<\/p>\n<\/li>\n","protected":false},"excerpt":{"rendered":"<p>Modalidad de Ex\u00e1men Fecha de inscripciones Fecha de Ex\u00e1men Ex\u00e1men Ordinario Del 16 de febrero al 11 de marzo del 2026 domingo 15 de marzo del 2026 Lugares de Inscripci\u00f3n &hellip; <\/p>\n","protected":false},"author":1,"featured_media":0,"parent":0,"menu_order":0,"comment_status":"closed","ping_status":"closed","template":"","meta":{"footnotes":""},"class_list":["post-129","page","type-page","status-publish","hentry"],"_links":{"self":[{"href":"https:\/\/admi.uniq.edu.pe\/index.php?rest_route=\/wp\/v2\/pages\/129","targetHints":{"allow":["GET"]}}],"collection":[{"href":"https:\/\/admi.uniq.edu.pe\/index.php?rest_route=\/wp\/v2\/pages"}],"about":[{"href":"https:\/\/admi.uniq.edu.pe\/index.php?rest_route=\/wp\/v2\/types\/page"}],"author":[{"embeddable":true,"href":"https:\/\/admi.uniq.edu.pe\/index.php?rest_route=\/wp\/v2\/users\/1"}],"replies":[{"embeddable":true,"href":"https:\/\/admi.uniq.edu.pe\/index.php?rest_route=%2Fwp%2Fv2%2Fcomments&post=129"}],"version-history":[{"count":13,"href":"https:\/\/admi.uniq.edu.pe\/index.php?rest_route=\/wp\/v2\/pages\/129\/revisions"}],"predecessor-version":[{"id":434,"href":"https:\/\/admi.uniq.edu.pe\/index.php?rest_route=\/wp\/v2\/pages\/129\/revisions\/434"}],"wp:attachment":[{"href":"https:\/\/admi.uniq.edu.pe\/index.php?rest_route=%2Fwp%2Fv2%2Fmedia&parent=129"}],"curies":[{"name":"wp","href":"https:\/\/api.w.org\/{rel}","templated":true}]}}